
Let l(i) = -4*i**2 + 28*i - 22. Calculate l(6).
2
Let b(o) = 8*o**2. Calculate b(-1).
8
Let w(n) = 4*n**2 - 17*n + 5. What is w(5)?
20
Let n(w) = -w - 9. Give n(-6).
-3
Let m(t) = 12*t + 111. What is m(-8)?
15
Let s(k) = -k**2 - 38*k + 48. Determine s(-38).
48
Let f(y) = -6*y - 13. Calculate f(-2).
-1
Let k(s) = 13*s + 49. Determine k(-6).
-29
Let v(b) = 5*b + 11. Give v(-8).
-29
Let c(z) = -6*z - 3. What is c(6)?
-39
Let f(u) = -3*u + 92. Give f(22).
26
Let q(t) = -14*t + 22. What is q(-5)?
92
Let j(w) = -12*w - 22. Calculate j(0).
-22
Let j(p) = -10*p - 11. Calculate j(4).
-51
Let k(a) = 31*a + 122. Determine k(-4).
-2
Let w(c) = c**2 - 3*c - 17. Determine w(5).
-7
Let t(a) = -65*a + 1. Determine t(-1).
66
Let t(n) = 4*n**2 - 4*n. Give t(3).
24
Let p(d) = -d**2 - 22*d - 127. What is p(-11)?
-6
Let m(c) = 8*c + 4. What is m(-9)?
-68
Let u(r) = -r**3 + 11*r**2 - 3*r + 25. What is u(11)?
-8
Let j(b) = b**3 + 12*b**2 + b + 7. Give j(-12).
-5
Let y(r) = r**2 - 8*r + 9. Calculate y(5).
-6
Let b(n) = -n**3 - 17*n**2 + 2*n + 55. Give b(-17).
21
Let z(r) = r**3 - 5*r**2 - 3*r - 4. Calculate z(5).
-19
Let c(d) = d**2 + 9*d + 18. Determine c(-4).
-2
Let m(l) = -2*l**2 + l - 3. Determine m(-3).
-24
Let r(m) = -56*m + 1073. What is r(19)?
9
Let h(l) = -l**2 - 39*l - 271. Calculate h(-30).
-1
Let a(c) = -c**2 - 5*c - 3. Calculate a(-2).
3
Let k(o) = -o**3 + 15*o**2 + 18*o - 40. Calculate k(16).
-8
Let v(r) = -40*r**3 - r**2 + r + 1. Determine v(-1).
39
Let j(v) = v - 36. Calculate j(32).
-4
Let i(o) = 16*o - 28. What is i(2)?
4
Let d(c) = -c**2 - 8*c - 11. What is d(-7)?
-4
Let w(q) = -q**2 - 2*q. Give w(-5).
-15
Let r(n) = -n + 14. Give r(17).
-3
Let o(p) = 2*p**3 - 59*p**2 + 17*p + 347. Give o(29).
-1
Let q(x) = -x**3 - 3*x**2 + 4*x - 5. Determine q(-4).
-5
Let c(i) = i**3 + 7*i**2 + 2*i + 1. Calculate c(-5).
41
Let o(t) = t - 8. Calculate o(6).
-2
Let f(x) = -x + 9. Determine f(11).
-2
Let q(p) = -98*p - 3. Determine q(0).
-3
Let t(j) = j**3 - 6*j**2 - 3*j + 4. What is t(6)?
-14
Let i(c) = -c**3 + 3*c**2 + 15*c - 2. Determine i(6).
-20
Let q(b) = -b + 1. Calculate q(-1).
2
Let m(x) = 7*x - 29. What is m(5)?
6
Let b(c) = 2*c - 46. Determine b(23).
0
Let g(n) = 6*n + 2. Give g(-6).
-34
Let t(w) = -24*w**3 + w**2 + w - 2. Calculate t(1).
-24
Let k(m) = -2*m**2 + 9*m - 6. Give k(6).
-24
Let q(b) = -b + 8. Give q(16).
-8
Let o(u) = -u**2 - 4*u - 3. Calculate o(1).
-8
Let o(d) = d**3 - 4*d**2 - 26*d + 31. What is o(7)?
-4
Let w(o) = -o**3 - 45*o**2 + 141*o - 146. What is w(-48)?
-2
Let o(g) = -g**2 - 9*g - 9. Determine o(-6).
9
Let q(s) = 3*s - 18. Calculate q(-9).
-45
Let f(n) = 7*n - 6. What is f(3)?
15
Let u(a) = a - 7. Give u(4).
-3
Let o(c) = 2*c + 9. What is o(-8)?
-7
Let n(b) = b**2 - 8*b - 9. Determine n(9).
0
Let v(m) = -23*m - 21. Determine v(3).
-90
Let j(s) = s**2 - 2*s - 16. Determine j(-3).
-1
Let z(m) = m**2 + 16*m + 22. Give z(-11).
-33
Let r(w) = 2*w - 107. Determine r(48).
-11
Let n(q) = -19*q - 120. Calculate n(-6).
-6
Let i(u) = u**2 - 26*u - 29. Determine i(28).
27
Let n(i) = 3*i**2 + 19*i + 5. Calculate n(-6).
-1
Let v(g) = -g**3 + 2*g**2 + 6*g + 3. Determine v(-2).
7
Let i(l) = 15*l - 64. What is i(5)?
11
Let s(b) = -2*b - 2. Give s(4).
-10
Let p(q) = 5*q**2 + 2*q - 6. What is p(-2)?
10
Let p(q) = q**2 + 2*q + 4. Give p(-3).
7
Let g(q) = 2*q**2 - 6*q + 4. Determine g(4).
12
Let q(w) = 56*w + 25. Calculate q(3).
193
Let s(y) = y**2 + 2*y - 5. Give s(0).
-5
Let c(l) = 7*l + 7. Give c(-1).
0
Let g(o) = o**2 + 3*o + 2. Give g(-3).
2
Let v(m) = -5*m - 36. What is v(-10)?
14
Let i(o) = 3*o**2 - 13*o + 14. Calculate i(3).
2
Let m(j) = j**2 - j + 4. Determine m(-3).
16
Let r(q) = q**2 + 2*q - 10. Calculate r(-7).
25
Let k(u) = 4*u - 27. What is k(9)?
9
Let p(c) = c + 9. Give p(4).
13
Let c(a) = 2*a - 3. Give c(7).
11
Let y(b) = -b - 6. Give y(-8).
2
Let o(n) = n**2 + n - 2. Calculate o(-2).
0
Let m(h) = -h**2 + 16*h + 35. Calculate m(17).
18
Let x(o) = 2*o**2 + 18*o + 19. Give x(-8).
3
Let t(r) = -5*r**2 + r - 2. What is t(1)?
-6
Let d(f) = -7*f**2 + 53*f + 25. Give d(8).
1
Let c(g) = -3*g**2 + 2*g + 2. Give c(2).
-6
Let s(p) = -18*p + 15. What is s(8)?
-129
Let d(i) = -i - 13. Calculate d(15).
-28
Let d(y) = -2*y**2 + 7*y + 2. Calculate d(5).
-13
Let t(h) = h + 4. What is t(-6)?
-2
Let x(t) = t**3 - 18*t**2 + 14*t + 49. Give x(17).
-2
Let p(z) = z**2 - 10*z + 2. Calculate p(10).
2
Let x(w) = -w**3 - 10*w**2 - w - 25. What is x(-10)?
-15
Let r(l) = l**3 + 5*l**2 + 3*l - 8. Calculate r(-6).
-62
Let c(q) = q**3 + 3*q**2 + 4*q + 9. Give c(-4).
-23
Let i(u) = -u**2 - 3*u - 3. What is i(3)?
-21
Let j(s) = 9*s**3 - 2*s**2 + s + 3. Determine j(-2).
-79
Let r(t) = -4*t + 38. Calculate r(9).
2
Let h(g) = -g - 4. Calculate h(4).
-8
Let v(n) = 3*n**2 - 30*n - 26. Calculate v(11).
7
Let g(u) = -u**3 - 5*u**2 - 3. Give g(-5).
-3
Let n(i) = -5*i - 59. Calculate n(-11).
-4
Let f(k) = -k**2 - 16*k - 56. What is f(-11)?
-1
Let m(k) = k**2 + 20*k + 41. Give m(-17).
-10
Let b(q) = q**3 + 45*q**2 + 126*q + 2. Determine b(-42).
2
Let c(j) = j + 2. What is c(-11)?
-9
Let v(n) = 6*n + 1. What is v(1)?
7
Let f(a) = -20*a - 14. Determine f(-5).
86
Let n(a) = 2*a**2 - 22*a + 9. Calculate n(12).
33
Let r(b) = -b**3 + 6*b**2 - b + 2. Give r(6).
-4
Let u(m) = -29*m**2. Determine u(-1).
-29
Let k(i) = -i**2 + 9*i - 4. Calculate k(11).
-26
Let z(o) = 51*o**2 + o + 5. Calculate z(-2).
207
Let d(t) = -21*t + 400. Calculate d(19).
1
Let x(b) = -6*b + 9. Calculate x(13).
-69
Let f(j) = -3*j**2 - 2*j + 4. Give f(-3).
-17
Let b(a) = -3*a**2 - 2*a + 4. Give b(3).
-29
Let p(r) = r**3 + 6*r**2 - 6*r + 4. Give p(-7).
-3
Let r(s) = -4*s**2 - 3. Calculate r(0).
-3
Let d(n) = 2*n**2 - 30*n - 199. What is d(20)?
1
Let m(x) = x**2 + 9*x + 3. Determine m(-6).
-15
Let l(w) = 17*w + 28. Give l(5).
113
Let h(u) = -2*u - 25. Give h(-10).
-5
Let g(i) = -i**3 + 12*i**2 - 8*i - 11. Calculate g(11).
22
Let y(l) = 2*l + 22. Calculate y(-12).
-2
Let i(z) = -z**3 - 4*z**2 + 4*z - 2. What is i(-5)?
3
Let k(j) = -39*j + 200. Give k(6).
-34
Let n(v) = 17*v - 4. What is n(1)?
13
Let m(b) = -b**3 - 13*b**2 - 3*b + 4. Give m(-13).
43
Let r(x) = -x**2 - 13*x - 20. Calculate r(-11).
2
Let i(t) = 11*t - 57. Determine i(5).
-2
Let k(t) = -2*t**3 - 7*t**2 + 3*t + 6. Give k(-4).
10
Let b(r) = -5*r + 2. Give b(-2).
12
Let t(v) = -v - 17. What is t(17)?
-34
Let j(y) = -y - 7. What is j(-12)?
5
Let v(j) = -53*j + 110. Calculate v(2).
4
Let x(o) = -2*o**2 + 38*o + 46. Give x(20).
6
Let h(x) = x**3 + 48*x**2 + 54*x + 328. What is h(-47)?
-1
Let a(w) = -76*w + 385. What is a(5)?
5
Let a(q) = -q**3 - 6*q**2 - 6*q - 3. Calculate a(-5).
2
Let g(n) = -2*n**3 + 3*n**2 + 2*n + 1. What is g(3)?
-20
Let q(u) = -2*u + 13. What is q(10)?
-7
Let x(o) = 17*o**3 + 15*o**2 + 18*o + 1. What is x(-1)?
-19
Let c(u) = u**2 + 3*u - 18. What is c(7)?
52
Let s(m) = 2*m**3 - 9*m**2 + 4*m - 4. Calculate s(4).
-4
Let y(k) = k**3 + 6*k**2 - 41*k - 11. What is y(-10)?
-1
Let s(u) = 10*u + 297. Calculate s(-31).
-13
Let k(j) = -j**2 + 2*j + 7. Determine k(0).
7
Let a(u) = -u**2 + 19*u + 9. What is a(21)?
-33
Let v(b) = -b**3 - 3*b**2 - 3*b - 2. What is v(-2)?
0
Let s(q) = -31*q**2 + 2*q + 2. Calculate s(-1).
-31
Let d(y) = -8*y**2 + 6*y + 3. Determine d(3).
-51
Let v(b) = b**2 - 6*b + 11. Determine v(6).
11
Let i(b) = -b**3 + 16*b**2 + 3*b - 6. What is i(16)?
42
Let w(n) = 9*n - 1. Give w(-1).
-10
Let v(x) = 2*x - 7. Determine v(5).
3
Let n(r) = -5*r - 24. Give n(5).
-49
Let b(r) = -56*r**3 - 2*r - 1. What is b(-1)?
57
Let u(p) = p**3 - 4*p**2 - 19*p + 3. Give u(7).
17
Let k(s) = -s**3 - 9*s**2 - 6*s - 22. What is k(-7)?
-78
Let p(u) = -u**3 - 2*u**2 + 2*u + 23. Calculate p(0).
23
Let w(n) = 3*n + 17. Determine w(-5).
2
Let w(r) = 2*r**2 - r + 6. Calculate w(5).
51
Let l(k) = -k**3 + 15*k**2 - 12*k - 48. What is l(14)?
-20
Let u(n) = -5*n**2 - 2*n + 6. Determine u(-3).
-33
Let j(t) = -t**3 + 22*t**2 - 19*t - 58. Determine j(21).
-16
Let z(y) = -y - 5. What is z(-12)?
7
Let u(p) = -11*p + 9. What is u(-5)?
64
Let q(s) = s**3 - 22*s**2 + 21*s - 16. Give q(21).
-16
Let b(a) = a + 29. Calculate b(15).
44
Let c(d) = 4*d**3 - 6*d + 20. Determine c(3).
110
Let z(f) = -3*f + 70. What is z(40)?
-50
Let o(f) = 2*f**3 + 13*f**2 - 7*f + 1. Calculate 